False
Is 14182065 a multiple of 113?
True
Is 8005 a factor of 252877950?
True
Does 15 divide 214454060?
False
Is 38285294 a multiple of 205?
False
Is 150 a factor of 655771050?
True
Is 19 a factor of 24557994?
True
Does 407 divide 184868354?
True
Does 698 divide 158487880?
True
Does 40 divide 255966942?
False
Does 94 divide 2387883504?
True
Does 35 divide 864011855?
True
Is 36 a factor of 12481524?
True
Does 3408 divide 1222736430?
False
Does 675 divide 2506445774?
False
Is 65320164 a multiple of 127?
True
Is 19762950 a multiple of 6?
True
Is 175 a factor of 177413250?
True
Is 99285285 a multiple of 3?
True
Is 13 a factor of 170863380?
False
Is 68 a factor of 117742340?
True
Is 2351 a factor of 347247402?
True
Does 295 divide 17807675?
True
Is 12817392 a multiple of 84?
True
Is 2256990 a multiple of 463?
False
Does 25 divide 511023674?
False
Is 108 a factor of 6544423?
False
Is 40 a factor of 202351031?
False
Does 27 divide 11537370?
True
Is 58 a factor of 161522309?
False
Does 1519 divide 384360165?
True
Is 756 a factor of 76082409?
False
Is 492193042 a multiple of 2782?
False
Is 155 a factor of 35343567?
False
Is 5553867 a multiple of 13?
False
Is 48001380 a multiple of 203?
True
Does 1209 divide 348167820?
True
Is 883 a factor of 201264839?
True
Does 87 divide 1498085?
False
Is 41727341 a multiple of 60?
False
Is 144571740 a multiple of 204?
True
Is 69 a factor of 28538952?
True
Is 9709711 a multiple of 11?
True
Is 38 a factor of 2442535145?
False
Does 57 divide 23010168?
False
Does 114 divide 70117721?
False
Does 89 divide 551986010?
True
Is 23 a factor of 3547533923?
False
Is 29 a factor of 805137672?
True
Is 13379200 a multiple of 1184?
True
Does 392 divide 146466520?
False
Does 274 divide 619758134?
True
Does 33 divide 117242037?
True
Does 1990 divide 79236025?
False
Is 95 a factor of 2011150?
True
Does 13 divide 674302880?
False
Is 45757035 a multiple of 2154?
False
Does 49 divide 13683490?
False
Is 250 a factor of 234758584?
False
Is 231 a factor of 1321866205?
False
Does 92 divide 235424001?
False
Does 89 divide 4339333?
False
Is 5 a factor of 511015345?
True
Is 101021852 a multiple of 9?
False
Does 681 divide 439111085?
False
Is 460 a factor of 3062806001?
False
Is 41 a factor of 258055599?
True
Does 4 divide 47073800?
True
Is 16 a factor of 9943520?
True
Is 196477310 a multiple of 146?
True
Does 1184 divide 105499134?
False
Is 389281337 a multiple of 68?
False
Is 593899039 a multiple of 609?
False
Is 7385859 a multiple of 25?
False
Is 52 a factor of 238848455?
False
Does 22 divide 4378594022?
True
Is 28 a factor of 678686764?
True
Is 3291671 a multiple of 521?
False
Does 174 divide 164975725?
False
Is 7 a factor of 25076128?
True
Is 130 a factor of 11894220?
True
Is 64942794 a multiple of 126?
True
Does 1064 divide 93286200?
True
Does 45 divide 240287336?
False
Does 7 divide 1161762572?
False
Is 11941998 even?
True
Is 821351625 a multiple of 125?
True
Is 358 a factor of 452051238?
False
Is 87 a factor of 46605117?
True
Is 11 a factor of 49412741?
False
Is 1726446552 a multiple of 38?
True
Is 3410734525 a multiple of 686?
False
Is 1736 a factor of 364061596?
False
Is 3342 a factor of 214643292?
True
Does 20 divide 24060320?
True
Does 50 divide 43009566?
False
Does 17 divide 176967560?
False
Is 814 a factor of 91661284?
True
Is 66237481 a multiple of 115?
False
Does 87 divide 6662634?
True
Does 661 divide 134438406?
False
Is 104495265 a multiple of 567?
True
Is 73354488 a multiple of 447?
True
Does 203 divide 8750479?
False
Is 1408182740 a multiple of 422?
False
Is 122233935 a multiple of 95?
True
Does 15 divide 1088134535?
False
Does 3 divide 5059062?
True
Does 1398 divide 184536?
True
Does 49 divide 49310856?
True
Does 95 divide 2309349300?
True
Does 6 divide 573792?
True
Is 114296254 a multiple of 564?
False
Is 4524 a factor of 150852780?
True
Is 45242387 a multiple of 4?
False
Does 33 divide 1249644?
True
Is 4534843366 a multiple of 7?
False
Is 181 a factor of 31644387?
False
Is 244472200 a multiple of 31?
True
Does 2090 divide 2249276810?
True
Is 24803835 a multiple of 1675?
False
Is 20614230 a multiple of 105?
True
Does 69 divide 990822612?
True
Is 28590225 a multiple of 109?
False
Is 12 a factor of 1477427232?
True
Is 36566640 a multiple of 76?
True
Is 29716836 a multiple of 14?
False
Is 15635717 a multiple of 231?
False
Is 44 a factor of 2005452359?
False
Does 1045 divide 1167801085?
True
Does 774 divide 132515766?
True
Is 3697461 a multiple of 88?
False
Is 319200939 a multiple of 771?
True
Does 15 divide 269112240?
True
Is 187 a factor of 178624083?
True
Does 16 divide 277891792?
True
Is 122346254 a multiple of 307?
True
Is 447296064 a multiple of 7?
False
Does 40 divide 671280?
True
Does 15 divide 7344215145?
True
Does 117 divide 12393459?
True
Is 1222 a factor of 92559168?
True
Is 692650637 a multiple of 139?
False
Is 2600 a factor of 91720358?
False
Is 2350 a factor of 139203135?
False
Is 9 a factor of 255054357?
True
Is 26916375 a multiple of 125?
True
Is 10130400 a multiple of 36?
True
Does 3002 divide 1290405035?
False
Does 2955 divide 171886440?
True
Is 38896023 a multiple of 376?
False
Does 13 divide 9373806?
True
Is 1015951248 a multiple of 188?
True
Is 66562544 a multiple of 30?
False
Is 55388802 a multiple of 14?
True
Does 89 divide 58706061?
False
Does 15 divide 483615315?
True
Is 400783110 a multiple of 21?
True
Is 529 a factor of 109205914?
False
Is 3360216787 a multiple of 20?
False
Is 507521505 a multiple of 15?
True
Does 828 divide 225877775?
False
Is 165322612 a multiple of 182?
True
Does 96 divide 501068785?
False
Is 13 a factor of 20194048?
False
Is 258523282 a multiple of 1951?
False
Does 1013 divide 394376619?
False
Is 139769616 a multiple of 4024?
True
Is 40 a factor of 199045360?
True
Is 299 a factor of 444792101?
True
Is 12522084 a multiple of 116?
True
Does 136 divide 1080412876?
False
Does 1848 divide 33750024?
True
Is 232957169 even?
False
Does 132 divide 315726312?
True
Is 984 a factor of 24147625?
False
Is 2304624 a multiple of 1445?
False
Is 109 a factor of 1531378153?
False
Is 1667 a factor of 84712004?
False
Does 64 divide 1112570790?
False
Is 22 a factor of 142373528?
True
Is 10 a factor of 196619?
False
Is 135 a factor of 226855642?
False
Does 19 divide 438386924?
True
Does 22 divide 38409466?
False
Is 565 a factor of 163495745?
True
Is 14344044 a multiple of 169?
True
Is 156223308 a multiple of 939?
True
Is 405 a factor of 124047855?
True
Is 1358604120 a multiple of 2014?
True
Is 217871307 a multiple of 10?
False
Does 2 divide 667938929?
False
Is 2689403021 a multiple of 20?
False
Is 11 a factor of 25947075?
True
Does 42 divide 181407731?
False
Is 1523574641 a multiple of 53?
False
Is 32 a factor of 287356545?
False
Is 2282787406 a multiple of 1734?
False
Is 20224002 a multiple of 2345?
False
Does 1833 divide 551670678?
True
Does 49 divide 143871365?
False
Does 41 divide 3765738070?
True
Is 76174496 a multiple of 19?
True
Is 46 a factor of 58868730?
True
Is 496895839 a multiple of 257?
False
Is 2808 a factor of 448557785?
False
Does 7033 divide 1387779692?
True
Is 440 a factor of 426522121?
False
Is 134 a factor of 124678812?
False
Is 666643989 a multiple of 1127?
False
Does 24 divide 5618128?
False
Does 4788 divide 1336168008?
True
Is 107 a factor of 1201622198?
True
Is 13264647 a multiple of 3?
True
Is 58787187 a multiple of 177?
True
Does 903 divide 12988726?
False
Does 17 divide 112868418?
False
Is 11 a factor of 76935949?
False
Is 1639 a factor of 256737973?
False
Is 162 a factor of 46095318?
True
Is 5483275268 a multiple of 17?
True
Is 153203014 a multiple of 193?
True
Does 26 divide 332503288?
True
Is 57 a factor of 879402751?
False
Is 2098349 even?
False
Is 1113 a factor of 415292560?
False
Is 38 a factor of 1325894106?
False
Does 1181 divide 1239784876?
False
Is 1553 a factor of 117398917?
False
Is 560809440 a multiple of 3096?
True
Does 1147 divide 1004723889?
False
Does 31 divide 390786532?
False
Is 68 a factor of 247333402?
False
Does 544 divide 975748864?
True
Does 709 divide 29225947?
False
Is 11 a factor of 102180259?
False
Does 1956 divide 221597196?
True
Does 35 divide 386207360?
True
Does 1079 divide 53665144?
True
Is 21690832 a multiple of 145?
False
Does 5 divide 3